[INFO] cloning repository https://github.com/citrus-it/uefivars
[INFO] running `Command { std: "git" "-c" "credential.helper=" "-c" "credential.helper=/workspace/cargo-home/bin/git-credential-null" "clone" "--bare" "https://github.com/citrus-it/uefivars" "/workspace/cache/git-repos/https%3A%2F%2Fgithub.com%2Fcitrus-it%2Fuefivars", kill_on_drop: false }`
[INFO] [stderr] Cloning into bare repository '/workspace/cache/git-repos/https%3A%2F%2Fgithub.com%2Fcitrus-it%2Fuefivars'...
[INFO] running `Command { std: "git" "rev-parse" "HEAD", kill_on_drop: false }`
[INFO] [stdout] 11e43e8973c3e1fac066b331dc865e7b5dd6c63a
[INFO] checking citrus-it/uefivars against master#9610dfe5a9a731ced1ea4923ecbd0c57fe367898 for beta-170-4
[INFO] running `Command { std: "git" "clone" "/workspace/cache/git-repos/https%3A%2F%2Fgithub.com%2Fcitrus-it%2Fuefivars" "/workspace/builds/worker-4-tc1/source", kill_on_drop: false }`
[INFO] [stderr] Cloning into '/workspace/builds/worker-4-tc1/source'...
[INFO] [stderr] done.
[INFO] validating manifest of git repo https://github.com/citrus-it/uefivars on toolchain 9610dfe5a9a731ced1ea4923ecbd0c57fe367898
[INFO] running `Command { std: CARGO_HOME="/workspace/cargo-home" RUSTUP_HOME="/workspace/rustup-home" "/workspace/cargo-home/bin/cargo" "+9610dfe5a9a731ced1ea4923ecbd0c57fe367898" "metadata" "--manifest-path" "Cargo.toml" "--no-deps", kill_on_drop: false }`
[INFO] started tweaking git repo https://github.com/citrus-it/uefivars
[INFO] finished tweaking git repo https://github.com/citrus-it/uefivars
[INFO] tweaked toml for git repo https://github.com/citrus-it/uefivars written to /workspace/builds/worker-4-tc1/source/Cargo.toml
[INFO] crate git repo https://github.com/citrus-it/uefivars already has a lockfile, it will not be regenerated
[INFO] running `Command { std: CARGO_HOME="/workspace/cargo-home" RUSTUP_HOME="/workspace/rustup-home" "/workspace/cargo-home/bin/cargo" "+9610dfe5a9a731ced1ea4923ecbd0c57fe367898" "fetch" "--manifest-path" "Cargo.toml", kill_on_drop: false }`
[INFO] [stderr]     Updating crates.io index
[INFO] [stderr]  Downloading crates ...
[INFO] [stderr]   Downloaded rhexdump v0.1.1
[INFO] running `Command { std: "docker" "create" "-v" "/var/lib/crater-agent-workspace/builds/worker-4-tc1/target:/opt/rustwide/target:rw,Z" "-v" "/var/lib/crater-agent-workspace/builds/worker-4-tc1/source:/opt/rustwide/workdir:ro,Z" "-v" "/var/lib/crater-agent-workspace/cargo-home:/opt/rustwide/cargo-home:ro,Z" "-v" "/var/lib/crater-agent-workspace/rustup-home:/opt/rustwide/rustup-home:ro,Z" "-e" "SOURCE_DIR=/opt/rustwide/workdir" "-e" "CARGO_TARGET_DIR=/opt/rustwide/target" "-e" "CARGO_HOME=/opt/rustwide/cargo-home" "-e" "RUSTUP_HOME=/opt/rustwide/rustup-home" "-w" "/opt/rustwide/workdir" "-m" "1610612736" "--user" "0:0" "--network" "none" "ghcr.io/rust-lang/crates-build-env/linux@sha256:19e73879b68f455e41552ea35293514db52ea292d993f571636dbffedb77a1ee" "/opt/rustwide/cargo-home/bin/cargo" "+9610dfe5a9a731ced1ea4923ecbd0c57fe367898" "metadata" "--no-deps" "--format-version=1", kill_on_drop: false }`
[INFO] [stdout] 7052f1d1d7822e8c4751a25008d3e993dcd8d6537679c0f4d63bdb2c3e8e4f3e
[INFO] running `Command { std: "docker" "start" "-a" "7052f1d1d7822e8c4751a25008d3e993dcd8d6537679c0f4d63bdb2c3e8e4f3e", kill_on_drop: false }`
[INFO] running `Command { std: "docker" "inspect" "7052f1d1d7822e8c4751a25008d3e993dcd8d6537679c0f4d63bdb2c3e8e4f3e", kill_on_drop: false }`
[INFO] running `Command { std: "docker" "rm" "-f" "7052f1d1d7822e8c4751a25008d3e993dcd8d6537679c0f4d63bdb2c3e8e4f3e", kill_on_drop: false }`
[INFO] [stdout] 7052f1d1d7822e8c4751a25008d3e993dcd8d6537679c0f4d63bdb2c3e8e4f3e
[INFO] running `Command { std: "docker" "create" "-v" "/var/lib/crater-agent-workspace/builds/worker-4-tc1/target:/opt/rustwide/target:rw,Z" "-v" "/var/lib/crater-agent-workspace/builds/worker-4-tc1/source:/opt/rustwide/workdir:ro,Z" "-v" "/var/lib/crater-agent-workspace/cargo-home:/opt/rustwide/cargo-home:ro,Z" "-v" "/var/lib/crater-agent-workspace/rustup-home:/opt/rustwide/rustup-home:ro,Z" "-e" "SOURCE_DIR=/opt/rustwide/workdir" "-e" "CARGO_TARGET_DIR=/opt/rustwide/target" "-e" "CARGO_INCREMENTAL=0" "-e" "RUST_BACKTRACE=full" "-e" "RUSTFLAGS=--cap-lints=forbid" "-e" "RUSTDOCFLAGS=--cap-lints=forbid" "-e" "CARGO_HOME=/opt/rustwide/cargo-home" "-e" "RUSTUP_HOME=/opt/rustwide/rustup-home" "-w" "/opt/rustwide/workdir" "-m" "1610612736" "--user" "0:0" "--network" "none" "ghcr.io/rust-lang/crates-build-env/linux@sha256:19e73879b68f455e41552ea35293514db52ea292d993f571636dbffedb77a1ee" "/opt/rustwide/cargo-home/bin/cargo" "+9610dfe5a9a731ced1ea4923ecbd0c57fe367898" "check" "--frozen" "--all" "--all-targets" "--message-format=json", kill_on_drop: false }`
[INFO] [stdout] c7a147090f005b92a94c29b67f7168ad430aa464f40dae2e66a54d102fc022f6
[INFO] running `Command { std: "docker" "start" "-a" "c7a147090f005b92a94c29b67f7168ad430aa464f40dae2e66a54d102fc022f6", kill_on_drop: false }`
[INFO] [stderr]    Compiling proc-macro2 v1.0.43
[INFO] [stderr]    Compiling unicode-ident v1.0.3
[INFO] [stderr]    Compiling syn v1.0.99
[INFO] [stderr]    Compiling serde_derive v1.0.143
[INFO] [stderr]    Compiling libc v0.2.129
[INFO] [stderr]    Compiling serde v1.0.143
[INFO] [stderr]    Compiling binrw_derive v0.9.0
[INFO] [stderr]    Compiling serde_json v1.0.83
[INFO] [stderr]     Checking os_str_bytes v6.2.0
[INFO] [stderr]    Compiling owo-colors v3.4.0
[INFO] [stderr]    Compiling proc-macro-error-attr v1.0.4
[INFO] [stderr]    Compiling proc-macro-error v1.0.4
[INFO] [stderr]     Checking textwrap v0.15.0
[INFO] [stderr]     Checking indexmap v1.9.1
[INFO] [stderr]     Checking array-init v2.0.1
[INFO] [stderr]     Checking itoa v1.0.3
[INFO] [stderr]     Checking rhexdump v0.1.1
[INFO] [stderr]     Checking clap_lex v0.2.4
[INFO] [stderr]    Compiling quote v1.0.21
[INFO] [stderr]     Checking atty v0.2.14
[INFO] [stderr]    Compiling clap_derive v3.2.15
[INFO] [stderr]     Checking clap v3.2.16
[INFO] [stderr]     Checking binrw v0.9.2
[INFO] [stderr]     Checking uefivars v0.1.0 (/opt/rustwide/workdir)
[INFO] [stdout] error: custom attribute panicked
[INFO] [stdout]   --> src/efi.rs:71:1
[INFO] [stdout]    |
[INFO] [stdout] 71 | #[binrw]
[INFO] [stdout]    | ^^^^^^^^
[INFO] [stdout]    |
[INFO] [stdout]    = help: message: byte index 49 is out of bounds of `#[br(assert(guid == EFI_SYSTEM_NV_DATA_FV_GUID,`
[INFO] [stdout] 
[INFO] [stdout] 
[INFO] [stdout] error: custom attribute panicked
[INFO] [stdout]   --> src/efi.rs:71:1
[INFO] [stdout]    |
[INFO] [stdout] 71 | #[binrw]
[INFO] [stdout]    | ^^^^^^^^
[INFO] [stdout]    |
[INFO] [stdout]    = help: message: byte index 49 is out of bounds of `#[br(assert(guid == EFI_SYSTEM_NV_DATA_FV_GUID,`
[INFO] [stdout] 
[INFO] [stdout] 
[INFO] [stdout] error: custom attribute panicked
[INFO] [stdout]    --> src/efi.rs:120:1
[INFO] [stdout]     |
[INFO] [stdout] 120 | #[binrw]
[INFO] [stdout]     | ^^^^^^^^
[INFO] [stdout]     |
[INFO] [stdout]     = help: message: byte index 54 is out of bounds of `#[br(assert(guid == EFI_AUTHENTICATED_VARIABLE_GUID,`
[INFO] [stdout] 
[INFO] [stdout] 
[INFO] [stdout] error: custom attribute panicked
[INFO] [stdout]    --> src/efi.rs:120:1
[INFO] [stdout]     |
[INFO] [stdout] 120 | #[binrw]
[INFO] [stdout]     | ^^^^^^^^
[INFO] [stdout]     |
[INFO] [stdout]     = help: message: byte index 54 is out of bounds of `#[br(assert(guid == EFI_AUTHENTICATED_VARIABLE_GUID,`
[INFO] [stdout] 
[INFO] [stdout] 
[INFO] [stdout] error: custom attribute panicked
[INFO] [stdout]    --> src/efi.rs:511:1
[INFO] [stdout]     |
[INFO] [stdout] 511 | #[binread]
[INFO] [stdout]     | ^^^^^^^^^^
[INFO] [stdout]     |
[INFO] [stdout]     = help: message: byte index 49 is out of bounds of `#[br(parse_with =`
[INFO] [stdout] 
[INFO] [stdout] 
[INFO] [stdout] error: custom attribute panicked
[INFO] [stdout]    --> src/efi.rs:511:1
[INFO] [stdout]     |
[INFO] [stdout] 511 | #[binread]
[INFO] [stdout]     | ^^^^^^^^^^
[INFO] [stdout]     |
[INFO] [stdout]     = help: message: byte index 49 is out of bounds of `#[br(parse_with =`
[INFO] [stdout] 
[INFO] [stdout] 
[INFO] [stdout] error[E0412]: cannot find type `Volume` in this scope
[INFO] [stdout]    --> src/efi.rs:265:6
[INFO] [stdout]     |
[INFO] [stdout] 265 | impl Volume {
[INFO] [stdout]     |      ^^^^^^ not found in this scope
[INFO] [stdout] 
[INFO] [stdout] 
[INFO] [stdout] error[E0412]: cannot find type `BootEntry` in this scope
[INFO] [stdout]    --> src/efi.rs:609:17
[INFO] [stdout]     |
[INFO] [stdout] 609 |     type Item = BootEntry;
[INFO] [stdout]     |                 ^^^^^^^^^ not found in this scope
[INFO] [stdout] 
[INFO] [stdout] 
[INFO] [stdout] error[E0412]: cannot find type `Volume` in module `efi`
[INFO] [stdout]   --> src/main.rs:81:22
[INFO] [stdout]    |
[INFO] [stdout] 81 |     let mut fv: efi::Volume;
[INFO] [stdout]    |                      ^^^^^^ not found in `efi`
[INFO] [stdout] 
[INFO] [stdout] 
[INFO] [stdout] error[E0412]: cannot find type `BootEntry` in module `efi`
[INFO] [stdout]    --> src/main.rs:170:23
[INFO] [stdout]     |
[INFO] [stdout] 170 |     entries: Vec<efi::BootEntry>,
[INFO] [stdout]     |                       ^^^^^^^^^ not found in `efi`
[INFO] [stdout] 
[INFO] [stdout] 
[INFO] [stdout] error[E0412]: cannot find type `Volume` in module `efi`
[INFO] [stdout]    --> src/main.rs:173:45
[INFO] [stdout]     |
[INFO] [stdout] 173 | fn list_boot_options(args: &Args, fv: &efi::Volume) {
[INFO] [stdout]     |                                             ^^^^^^ not found in `efi`
[INFO] [stdout] 
[INFO] [stdout] 
[INFO] [stdout] error[E0412]: cannot find type `Volume` in module `efi`
[INFO] [stdout]    --> src/main.rs:259:45
[INFO] [stdout]     |
[INFO] [stdout] 259 | fn display_variables(args: &Args, fv: &efi::Volume) {
[INFO] [stdout]     |                                             ^^^^^^ not found in `efi`
[INFO] [stdout] 
[INFO] [stdout] 
[INFO] [stdout] warning: unused import: `until`
[INFO] [stdout]   --> src/efi.rs:10:22
[INFO] [stdout]    |
[INFO] [stdout] 10 | use binrw::helpers::{until, until_eof, until_exclusive};
[INFO] [stdout]    |                      ^^^^^
[INFO] [stdout]    |
[INFO] [stdout]    = note: `#[warn(unused_imports)]` on by default
[INFO] [stdout] 
[INFO] [stdout] 
[INFO] [stdout] warning: unused import: `SeekFrom`
[INFO] [stdout]   --> src/efi.rs:11:25
[INFO] [stdout]    |
[INFO] [stdout] 11 | use binrw::io::{Cursor, SeekFrom};
[INFO] [stdout]    |                         ^^^^^^^^
[INFO] [stdout] 
[INFO] [stdout] 
[INFO] [stdout] error[E0412]: cannot find type `Volume` in this scope
[INFO] [stdout]    --> src/efi.rs:265:6
[INFO] [stdout]     |
[INFO] [stdout] 265 | impl Volume {
[INFO] [stdout]     |      ^^^^^^ not found in this scope
[INFO] [stdout] 
[INFO] [stdout] 
[INFO] [stdout] error[E0412]: cannot find type `BootEntry` in this scope
[INFO] [stdout]    --> src/efi.rs:609:17
[INFO] [stdout]     |
[INFO] [stdout] 609 |     type Item = BootEntry;
[INFO] [stdout]     |                 ^^^^^^^^^ not found in this scope
[INFO] [stdout] 
[INFO] [stdout] 
[INFO] [stdout] error[E0412]: cannot find type `Volume` in module `efi`
[INFO] [stdout]   --> src/main.rs:81:22
[INFO] [stdout]    |
[INFO] [stdout] 81 |     let mut fv: efi::Volume;
[INFO] [stdout]    |                      ^^^^^^ not found in `efi`
[INFO] [stdout] 
[INFO] [stdout] 
[INFO] [stdout] error[E0412]: cannot find type `BootEntry` in module `efi`
[INFO] [stdout]    --> src/main.rs:170:23
[INFO] [stdout]     |
[INFO] [stdout] 170 |     entries: Vec<efi::BootEntry>,
[INFO] [stdout]     |                       ^^^^^^^^^ not found in `efi`
[INFO] [stdout] 
[INFO] [stdout] 
[INFO] [stdout] error[E0412]: cannot find type `Volume` in module `efi`
[INFO] [stdout]    --> src/main.rs:173:45
[INFO] [stdout]     |
[INFO] [stdout] 173 | fn list_boot_options(args: &Args, fv: &efi::Volume) {
[INFO] [stdout]     |                                             ^^^^^^ not found in `efi`
[INFO] [stdout] 
[INFO] [stdout] 
[INFO] [stdout] error[E0412]: cannot find type `Volume` in module `efi`
[INFO] [stdout]    --> src/main.rs:259:45
[INFO] [stdout]     |
[INFO] [stdout] 259 | fn display_variables(args: &Args, fv: &efi::Volume) {
[INFO] [stdout]     |                                             ^^^^^^ not found in `efi`
[INFO] [stdout] 
[INFO] [stdout] 
[INFO] [stdout] warning: unused import: `until`
[INFO] [stdout]   --> src/efi.rs:10:22
[INFO] [stdout]    |
[INFO] [stdout] 10 | use binrw::helpers::{until, until_eof, until_exclusive};
[INFO] [stdout]    |                      ^^^^^
[INFO] [stdout]    |
[INFO] [stdout]    = note: `#[warn(unused_imports)]` on by default
[INFO] [stdout] 
[INFO] [stdout] 
[INFO] [stdout] warning: unused import: `SeekFrom`
[INFO] [stdout]   --> src/efi.rs:11:25
[INFO] [stdout]    |
[INFO] [stdout] 11 | use binrw::io::{Cursor, SeekFrom};
[INFO] [stdout]    |                         ^^^^^^^^
[INFO] [stdout] 
[INFO] [stdout] 
[INFO] [stdout] error: aborting due to 9 previous errors; 2 warnings emitted
[INFO] [stdout] 
[INFO] [stdout] 
[INFO] [stdout] For more information about this error, try `rustc --explain E0412`.
[INFO] [stdout] 
[INFO] [stdout] error: aborting due to 9 previous errors; 2 warnings emitted
[INFO] [stdout] 
[INFO] [stdout] 
[INFO] [stdout] For more information about this error, try `rustc --explain E0412`.
[INFO] [stdout] 
[INFO] [stderr] error: could not compile `uefivars` (bin "uefivars") due to 10 previous errors; 2 warnings emitted
[INFO] [stderr] warning: build failed, waiting for other jobs to finish...
[INFO] [stderr] error: could not compile `uefivars` (bin "uefivars" test) due to 10 previous errors; 2 warnings emitted
[INFO] running `Command { std: "docker" "inspect" "c7a147090f005b92a94c29b67f7168ad430aa464f40dae2e66a54d102fc022f6", kill_on_drop: false }`
[INFO] running `Command { std: "docker" "rm" "-f" "c7a147090f005b92a94c29b67f7168ad430aa464f40dae2e66a54d102fc022f6", kill_on_drop: false }`
[INFO] [stdout] c7a147090f005b92a94c29b67f7168ad430aa464f40dae2e66a54d102fc022f6
